{"id":56,"date":"2024-04-11T10:29:36","date_gmt":"2024-04-11T08:29:36","guid":{"rendered":"http:\/\/tqiosxl.cluster023.hosting.ovh.net\/?page_id=56"},"modified":"2024-05-14T16:30:38","modified_gmt":"2024-05-14T14:30:38","slug":"perte-de-poids-irrigation-du-colon","status":"publish","type":"page","link":"https:\/\/naturequilibre.com\/index.php\/perte-de-poids-irrigation-du-colon\/","title":{"rendered":"La Perte de poids"},"content":{"rendered":"\n<div class=\"wp-block-group alignwide has-background is-layout-flow wp-block-group-is-layout-flow\" style=\"background-color:#f5eac1;padding-top:6vw;padding-right:6vw;padding-bottom:6vw;padding-left:6vw\">\n<div class=\"wp-block-group is-vertical is-nowrap is-layout-flex wp-container-core-group-is-layout-36fd9ea3 wp-block-group-is-layout-flex\" style=\"padding-right:0;padding-left:0\">\n<h6 class=\"wp-block-heading has-text-color has-base-font-family has-medium-large-font-size\" id=\"ecosystem\" style=\"color:#000000\"><strong>PROGRAMME NATUREQUILIBRE\u00ae&nbsp;<\/strong><\/h6>\n\n\n\n<p class=\"has-text-color\" style=\"color:#000000;font-size:88px;font-style:normal;font-weight:700;letter-spacing:0px;line-height:0.9;text-decoration:none;text-transform:none\">La perte de poids<\/p>\n<\/div>\n\n\n\n<div class=\"wp-block-media-text has-media-on-the-right is-stacked-on-mobile\" style=\"grid-template-columns:auto 36%\"><div class=\"wp-block-media-text__content\">\n<blockquote class=\"wp-block-quote has-base-font-size is-layout-flow wp-block-quote-is-layout-flow\">\n<p><strong>\u00c0 l&rsquo;\u00e8re moderne, la gestion du poids est devenue un d\u00e9fi majeur. L&rsquo;alimentation et le mode de vie actuels ont engendr\u00e9 une \u00e9pid\u00e9mie de prise de poids.<\/strong><\/p>\n<\/blockquote>\n\n\n\n<p>Le programme propos\u00e9 par NATUREQUILIBRE\u00ae, vise \u00e0 r\u00e9soudre cette probl\u00e9matique en agissant sur plusieurs facteurs cl\u00e9s participant \u00e0 la prise excessive de poids : <\/p>\n\n\n\n<ul style=\"font-style:normal;font-weight:700\" class=\"has-headings-color has-text-color has-link-color wp-block-list wp-elements-23e61fd944aa336325a7012f5acc56da\">\n<li style=\"font-style:normal;font-weight:700\" class=\"has-system-font-font-family\"><strong>ALIMENTATION<\/strong><\/li>\n\n\n\n<li style=\"font-style:normal;font-weight:700\" class=\"has-system-font-font-family\">TRANSIT INTESTINAL<\/li>\n\n\n\n<li style=\"font-style:normal;font-weight:700\" class=\"has-system-font-font-family\"><strong>HYGIENE DE VIE GLOBALE<\/strong><\/li>\n<\/ul>\n<\/div><figure class=\"wp-block-media-text__media\"><img loading=\"lazy\" decoding=\"async\" width=\"275\" height=\"183\" src=\"https:\/\/naturequilibre.com\/wp-content\/uploads\/2024\/05\/telechargement.jpeg\" alt=\"\" class=\"wp-image-333 size-full\"\/><\/figure><\/div>\n\n\n\n<div class=\"wp-block-columns has-tertiary-background-color has-background is-layout-flex wp-container-core-columns-is-layout-28f84493 wp-block-columns-is-layout-flex\">\n<div class=\"wp-block-column is-layout-flow wp-block-column-is-layout-flow\">\n<figure class=\"wp-block-image size-full is-resized has-custom-border\"><a href=\"https:\/\/naturequilibre.com\/index.php\/naturopathie\/\"><img loading=\"lazy\" decoding=\"async\" width=\"700\" height=\"477\" src=\"http:\/\/tqiosxl.cluster023.hosting.ovh.net\/wp-content\/uploads\/2024\/04\/ProgrammeSante1.jpg\" alt=\"\" class=\"wp-image-96\" style=\"border-width:1px;width:650px;height:auto\" srcset=\"https:\/\/naturequilibre.com\/wp-content\/uploads\/2024\/04\/ProgrammeSante1.jpg 700w, https:\/\/naturequilibre.com\/wp-content\/uploads\/2024\/04\/ProgrammeSante1-300x204.jpg 300w\" sizes=\"auto, (max-width: 700px) 100vw, 700px\" \/><\/a><\/figure>\n\n\n\n<p><strong>L\u2019ALIMENTATION&nbsp;: UNE DES ORIGINES DE LA PRISE DE POIDS :<\/strong><\/p>\n\n\n\n<p class=\"has-small-font-size\">Nous aborderons l\u2019alimentation dans un champ large. Il sera question de la composition qualitative et quantitative de vos apports alimentaire mais pas seulement. Nous appr\u00e9cierons \u00e9galement ensemble ce que repr\u00e9sente symboliquement pour vous l\u2019alimentation et la notion de plaisir qui y est associ\u00e9e. En effet, toute modification alimentaire se doit de tenir compte de la notion de plaisir pour \u00e9viter de cr\u00e9er un espace propice \u00e0 la frustration, qui serait d\u00e9l\u00e9t\u00e8re et contre-productif.<\/p>\n\n\n\n<p class=\"has-small-font-size\">Nous aborderons enfin, un aspect de la nutrition souvent mis de c\u00f4t\u00e9 et pourtant essentiel. Certaines cat\u00e9gories d\u2019aliments sont n\u00e9cessaires au fonctionnement et \u00e0 l\u2019entretien de notre organisme. Toute synth\u00e8se organique n\u00e9cessite de bon pr\u00e9curseurs (nutriments) directement issus de l\u2019alimentation\u2026<\/p>\n\n\n\n<p class=\"has-small-font-size\">Pour que cette merveilleuse machine organique fonctionne correctement, il est n\u00e9cessaire d\u2019apporter le bon pr\u00e9curseur au bon moment. Ce sera l\u2019occasion de pr\u00e9ciser et de fixer certaines r\u00e8gles qui constituerons les leviers essentiels pour la perte de poids. Nous aborderons \u00e9galement, l&rsquo;impact de la r\u00e9ponse glyc\u00e9mique et de l&rsquo;action acidifiante des aliments sur le poids corporel.<\/p>\n\n\n\n<p class=\"has-small-font-size\">En privil\u00e9giant une alimentation \u00e0 faible indice et index glyc\u00e9mique, riche en fruits et l\u00e9gumes, nous potentialiserons favorablement votre objectif de poids de fa\u00e7on durable.<\/p>\n<\/div>\n\n\n\n<div class=\"wp-block-column is-layout-flow wp-block-column-is-layout-flow\">\n<figure class=\"wp-block-image aligncenter size-large is-resized has-custom-border\"><img loading=\"lazy\" decoding=\"async\" width=\"1024\" height=\"768\" src=\"http:\/\/tqiosxl.cluster023.hosting.ovh.net\/wp-content\/uploads\/2024\/04\/transit1-1024x768.jpeg\" alt=\"\" class=\"wp-image-99\" style=\"border-width:1px;aspect-ratio:1.5;object-fit:cover;width:662px;height:auto\" srcset=\"https:\/\/naturequilibre.com\/wp-content\/uploads\/2024\/04\/transit1-1024x768.jpeg 1024w, https:\/\/naturequilibre.com\/wp-content\/uploads\/2024\/04\/transit1-300x225.jpeg 300w, https:\/\/naturequilibre.com\/wp-content\/uploads\/2024\/04\/transit1-768x576.jpeg 768w, https:\/\/naturequilibre.com\/wp-content\/uploads\/2024\/04\/transit1-1170x878.jpeg 1170w, https:\/\/naturequilibre.com\/wp-content\/uploads\/2024\/04\/transit1.jpeg 1200w\" sizes=\"auto, (max-width: 1024px) 100vw, 1024px\" \/><\/figure>\n\n\n\n<p><strong>LE TRANSIT INTESTINAL&nbsp;: CLEFS DE L\u2019ELIMINATION DES EXCES&nbsp;:<\/strong><\/p>\n\n\n\n<p class=\"has-base-font-family has-small-font-size\">Souvent n\u00e9glig\u00e9, le transit intestinal joue un r\u00f4le crucial dans la prise de poids. L&rsquo;accumulation de d\u00e9chets acides dans le corps, due \u00e0 un c\u00f4lon encombr\u00e9, entra\u00eene une r\u00e9tention d&rsquo;eau et la cr\u00e9ation de graisses. En compl\u00e9ment de l\u2019approche nutritionnelle, le suivi de s\u00e9ances d&rsquo;Hydroth\u00e9rapie appel\u00e9es \u00e9galement irrigation du c\u00f4lon&nbsp;; permettront de nettoyer efficacement et en profondeur votre c\u00f4lon, ce qui participera activement \u00e0 r\u00e9tablir un transit intestinal optimal.<\/p>\n\n\n\n<p class=\"has-base-font-family has-small-font-size\">Il nous parait \u00e9vident de sortir nos poubelles m\u00e9nag\u00e8res hors de notre domicile pour \u00e9viter les d\u00e9sagr\u00e9ments qu\u2019elles pourraient engendrer (Putr\u00e9faction et mauvaises odeurs, attirance et prolif\u00e9ration d\u2019insectes, encombrement de l\u2019espace disponible, etc\u2026Imaginez votre maison accumulant des semaines, voire des mois de d\u00e9chets organiques et inorganiques stock\u00e9s \u00e0 l\u2019int\u00e9rieur de nos espaces de vie&nbsp;!<\/p>\n\n\n\n<p class=\"has-base-font-family has-small-font-size\">La constipation, alternant parfois avec des \u00e9pisodes de diarrh\u00e9es&nbsp;; les ballonnements et de gaz incessants, la production de selles grasses et\/ou collantes&nbsp;; avec parfois la sensation de ne pas avoir correctement tout \u00e9vacu\u00e9 aux WC\u2026 Tous ces signes d\u00e9montrent une perturbation du fonctionnement intestinal.<\/p>\n\n\n\n<p class=\"has-base-font-family has-small-font-size\">L\u2019accumulation d\u2019acides, de graisses, de d\u00e9bris alimentaires plus ou moins colmat\u00e9s \u00e0 la paroi du colon, vont conduire \u00e0 un encombrement du syst\u00e8me qui ne lui permet plus de jouer son r\u00f4le principal&nbsp;: ELIMINER&nbsp;! Plusieurs s\u00e9ances d\u2019HYDROTHERAPIE, appel\u00e9es \u00e9galement IRRIGATION DU COLON, vont permettre de stimuler le transit intestinal et ainsi participer \u00e0 un fonctionnement optimal du syst\u00e8me d\u2019\u00e9limination intestinal.<\/p>\n<\/div>\n<\/div>\n\n\n\n<div class=\"wp-block-media-text is-stacked-on-mobile is-vertically-aligned-center has-tertiary-background-color has-background has-base-font-size\" style=\"padding-top:0;padding-right:var(--wp--preset--spacing--30);padding-bottom:0;padding-left:var(--wp--preset--spacing--30);grid-template-columns:38% auto\"><figure class=\"wp-block-media-text__media\"><a href=\"https:\/\/naturequilibre.com\/index.php\/naturopathie\/\"><img loading=\"lazy\" decoding=\"async\" width=\"900\" height=\"550\" src=\"http:\/\/tqiosxl.cluster023.hosting.ovh.net\/wp-content\/uploads\/2024\/04\/hygiene2.jpg\" alt=\"\" class=\"wp-image-101 size-full\" srcset=\"https:\/\/naturequilibre.com\/wp-content\/uploads\/2024\/04\/hygiene2.jpg 900w, https:\/\/naturequilibre.com\/wp-content\/uploads\/2024\/04\/hygiene2-300x183.jpg 300w, https:\/\/naturequilibre.com\/wp-content\/uploads\/2024\/04\/hygiene2-768x469.jpg 768w\" sizes=\"auto, (max-width: 900px) 100vw, 900px\" \/><\/a><\/figure><div class=\"wp-block-media-text__content\">\n<p class=\"has-base-font-size\"><strong>L&rsquo;HYGIENE DE VIE&nbsp;: CLEF D\u2019UN SUCCES DURABLE<\/strong><\/p>\n\n\n\n<p class=\"has-base-font-family has-small-font-size\">Une hygi\u00e8ne de vie \u00e9quilibr\u00e9e est tout aussi importante que l&rsquo;alimentation. Le manque de sommeil en quantit\u00e9 et\/ou qualit\u00e9, l\u2019exc\u00e8s de stress, l\u2019absence ou au contraire l\u2019abus d\u2019activit\u00e9, une exposition exc\u00e9dentaire aux \u00e9crans digitaux et aux ondes\u2026 Tous ceci contribue \u00e0 d\u00e9s\u00e9quilibrer votre organisme et favorise la prise excessive de poids.<\/p>\n\n\n\n<p class=\"has-base-font-family has-small-font-size\">Des habitudes de vie saines, incluant une alternance ad\u00e9quate entre les p\u00e9riodes de veille et de sommeil, la pratique d\u2019activit\u00e9 physiques adapt\u00e9es, un mental renforc\u00e9 et des \u00e9motions g\u00e9r\u00e9es en int\u00e9grant des p\u00e9riodes de relaxation, etc..<\/p>\n\n\n\n<p class=\"has-base-font-family has-small-font-size\">Ce sont l\u00e0 les objectifs \u00e0 poursuivre pour participer au maintien de l\u2019\u00e9quilibre physiologique en compl\u00e9ment des mesures alimentaires et d\u2019hygi\u00e8ne du colon.<\/p>\n<\/div><\/div>\n\n\n\n<p>En r\u00e9sum\u00e9, NATUREQUILIBRE\u00ae vous propose une m\u00e9thode compl\u00e8te et int\u00e9grative pour atteindre rapidement et durablement votre objectif de poids de forme.C\u2019est un moyen efficace et global, qui prend en compte tous les aspects physiologiques et psychologiques li\u00e9s aux fluctuations de poids. En associant des <a href=\"https:\/\/naturequilibre.com\/index.php\/irrigation-du-colon\/\">s\u00e9ances d&rsquo;hydroth\u00e9rapie du c\u00f4lon<\/a> \u00e0 des conseils nutritionnels et un soutien pour adopter de bonnes habitudes de vie, notre programme garantit des r\u00e9sultats durables pour retrouver une silhouette saine et \u00e9nergique.<\/p>\n<\/div>\n\n\n\n<div class=\"wp-block-columns alignwide has-background is-layout-flex wp-container-core-columns-is-layout-28f84493 wp-block-columns-is-layout-flex\" style=\"background-color:#f5eac1\">\n<div class=\"wp-block-column is-layout-flow wp-block-column-is-layout-flow\">\n<h2 class=\"wp-block-heading has-text-align-center has-dark-color has-text-color has-link-color has-system-font-font-family has-medium-font-size wp-elements-24ab2965343d654cfa572b50c0993f50\"><strong>Offre pack \u00e0 960\u20ac planifi\u00e9 sur 6 mois.<\/strong><\/h2>\n\n\n\n<ul class=\"wp-block-list\">\n<li><strong>8 consultations nutritionnelles <\/strong><\/li>\n\n\n\n<li><strong>8 s\u00e9ances d&rsquo;irrigation <\/strong><\/li>\n<\/ul>\n<\/div>\n<\/div>\n\n\n\n<div class=\"wp-block-columns is-layout-flex wp-container-core-columns-is-layout-28f84493 wp-block-columns-is-layout-flex\">\n<div class=\"wp-block-column is-layout-flow wp-block-column-is-layout-flow\"><\/div>\n<\/div>\n","protected":false},"excerpt":{"rendered":"<p>PROGRAMME NATUREQUILIBRE\u00ae&nbsp; La perte de poids \u00c0 l&rsquo;\u00e8re moderne, la gestion du poids est devenue un d\u00e9fi majeur. L&rsquo;alimentation et le mode de vie actuels ont engendr\u00e9 une \u00e9pid\u00e9mie de prise de poids. Le programme propos\u00e9 par NATUREQUILIBRE\u00ae, vise \u00e0 r\u00e9soudre cette probl\u00e9matique en agissant sur plusieurs facteurs cl\u00e9s participant \u00e0 la prise excessive de [&hellip;]<\/p>\n","protected":false},"author":1,"featured_media":0,"parent":0,"menu_order":0,"comment_status":"closed","ping_status":"closed","template":"","meta":{"footnotes":""},"class_list":["post-56","page","type-page","status-publish","hentry"],"yoast_head":"<!-- This site is optimized with the Yoast SEO plugin v22.6 - https:\/\/yoast.com\/wordpress\/plugins\/seo\/ -->\n<title>La Perte de poids - NATUREQUILIBRE<\/title>\n<meta name=\"description\" content=\"NATUREQUILIBRE \u00c0 l&#039;\u00e8re moderne, la gestion du poids est devenue un d\u00e9fi majeur. L&#039;alimentation et le mode de vie actuels ont engendr\u00e9 une \u00e9pid\u00e9mie de prise de poids.\" \/>\n<meta name=\"robots\" content=\"index, follow, max-snippet:-1, max-image-preview:large, max-video-preview:-1\" \/>\n<link rel=\"canonical\" href=\"https:\/\/naturequilibre.com\/index.php\/perte-de-poids-irrigation-du-colon\/\" \/>\n<meta property=\"og:locale\" content=\"fr_FR\" \/>\n<meta property=\"og:type\" content=\"article\" \/>\n<meta property=\"og:title\" content=\"La Perte de poids - NATUREQUILIBRE\" \/>\n<meta property=\"og:description\" content=\"NATUREQUILIBRE \u00c0 l&#039;\u00e8re moderne, la gestion du poids est devenue un d\u00e9fi majeur. L&#039;alimentation et le mode de vie actuels ont engendr\u00e9 une \u00e9pid\u00e9mie de prise de poids.\" \/>\n<meta property=\"og:url\" content=\"https:\/\/naturequilibre.com\/index.php\/perte-de-poids-irrigation-du-colon\/\" \/>\n<meta property=\"og:site_name\" content=\"NATUREQUILIBRE\" \/>\n<meta property=\"article:modified_time\" content=\"2024-05-14T14:30:38+00:00\" \/>\n<meta property=\"og:image\" content=\"https:\/\/naturequilibre.com\/wp-content\/uploads\/2024\/05\/telechargement.jpeg\" \/>\n<meta name=\"twitter:card\" content=\"summary_large_image\" \/>\n<meta name=\"twitter:label1\" content=\"Dur\u00e9e de lecture estim\u00e9e\" \/>\n\t<meta name=\"twitter:data1\" content=\"5 minutes\" \/>\n<script type=\"application\/ld+json\" class=\"yoast-schema-graph\">{\"@context\":\"https:\/\/schema.org\",\"@graph\":[{\"@type\":\"WebPage\",\"@id\":\"https:\/\/naturequilibre.com\/index.php\/perte-de-poids-irrigation-du-colon\/\",\"url\":\"https:\/\/naturequilibre.com\/index.php\/perte-de-poids-irrigation-du-colon\/\",\"name\":\"La Perte de poids - NATUREQUILIBRE\",\"isPartOf\":{\"@id\":\"https:\/\/naturequilibre.com\/#website\"},\"primaryImageOfPage\":{\"@id\":\"https:\/\/naturequilibre.com\/index.php\/perte-de-poids-irrigation-du-colon\/#primaryimage\"},\"image\":{\"@id\":\"https:\/\/naturequilibre.com\/index.php\/perte-de-poids-irrigation-du-colon\/#primaryimage\"},\"thumbnailUrl\":\"https:\/\/naturequilibre.com\/wp-content\/uploads\/2024\/05\/telechargement.jpeg\",\"datePublished\":\"2024-04-11T08:29:36+00:00\",\"dateModified\":\"2024-05-14T14:30:38+00:00\",\"description\":\"NATUREQUILIBRE \u00c0 l'\u00e8re moderne, la gestion du poids est devenue un d\u00e9fi majeur. L'alimentation et le mode de vie actuels ont engendr\u00e9 une \u00e9pid\u00e9mie de prise de poids.\",\"breadcrumb\":{\"@id\":\"https:\/\/naturequilibre.com\/index.php\/perte-de-poids-irrigation-du-colon\/#breadcrumb\"},\"inLanguage\":\"fr-FR\",\"potentialAction\":[{\"@type\":\"ReadAction\",\"target\":[\"https:\/\/naturequilibre.com\/index.php\/perte-de-poids-irrigation-du-colon\/\"]}]},{\"@type\":\"ImageObject\",\"inLanguage\":\"fr-FR\",\"@id\":\"https:\/\/naturequilibre.com\/index.php\/perte-de-poids-irrigation-du-colon\/#primaryimage\",\"url\":\"https:\/\/naturequilibre.com\/wp-content\/uploads\/2024\/05\/telechargement.jpeg\",\"contentUrl\":\"https:\/\/naturequilibre.com\/wp-content\/uploads\/2024\/05\/telechargement.jpeg\",\"width\":275,\"height\":183},{\"@type\":\"BreadcrumbList\",\"@id\":\"https:\/\/naturequilibre.com\/index.php\/perte-de-poids-irrigation-du-colon\/#breadcrumb\",\"itemListElement\":[{\"@type\":\"ListItem\",\"position\":1,\"name\":\"Accueil\",\"item\":\"https:\/\/naturequilibre.com\/\"},{\"@type\":\"ListItem\",\"position\":2,\"name\":\"La Perte de poids\"}]},{\"@type\":\"WebSite\",\"@id\":\"https:\/\/naturequilibre.com\/#website\",\"url\":\"https:\/\/naturequilibre.com\/\",\"name\":\"NATUREQUILIBRE\",\"description\":\"UNE APPROCHE GLOBALE UN BIEN \u00caTRE DURABLE\",\"publisher\":{\"@id\":\"https:\/\/naturequilibre.com\/#organization\"},\"potentialAction\":[{\"@type\":\"SearchAction\",\"target\":{\"@type\":\"EntryPoint\",\"urlTemplate\":\"https:\/\/naturequilibre.com\/?s={search_term_string}\"},\"query-input\":\"required name=search_term_string\"}],\"inLanguage\":\"fr-FR\"},{\"@type\":\"Organization\",\"@id\":\"https:\/\/naturequilibre.com\/#organization\",\"name\":\"NATUREQUILIBRE\",\"url\":\"https:\/\/naturequilibre.com\/\",\"logo\":{\"@type\":\"ImageObject\",\"inLanguage\":\"fr-FR\",\"@id\":\"https:\/\/naturequilibre.com\/#\/schema\/logo\/image\/\",\"url\":\"http:\/\/tqiosxl.cluster023.hosting.ovh.net\/wp-content\/uploads\/2024\/04\/cropped-Arbre3.jpg\",\"contentUrl\":\"http:\/\/tqiosxl.cluster023.hosting.ovh.net\/wp-content\/uploads\/2024\/04\/cropped-Arbre3.jpg\",\"width\":512,\"height\":512,\"caption\":\"NATUREQUILIBRE\"},\"image\":{\"@id\":\"https:\/\/naturequilibre.com\/#\/schema\/logo\/image\/\"}}]}<\/script>\n<!-- \/ Yoast SEO plugin. -->","yoast_head_json":{"title":"La Perte de poids - NATUREQUILIBRE","description":"NATUREQUILIBRE \u00c0 l'\u00e8re moderne, la gestion du poids est devenue un d\u00e9fi majeur. L'alimentation et le mode de vie actuels ont engendr\u00e9 une \u00e9pid\u00e9mie de prise de poids.","robots":{"index":"index","follow":"follow","max-snippet":"max-snippet:-1","max-image-preview":"max-image-preview:large","max-video-preview":"max-video-preview:-1"},"canonical":"https:\/\/naturequilibre.com\/index.php\/perte-de-poids-irrigation-du-colon\/","og_locale":"fr_FR","og_type":"article","og_title":"La Perte de poids - NATUREQUILIBRE","og_description":"NATUREQUILIBRE \u00c0 l'\u00e8re moderne, la gestion du poids est devenue un d\u00e9fi majeur. L'alimentation et le mode de vie actuels ont engendr\u00e9 une \u00e9pid\u00e9mie de prise de poids.","og_url":"https:\/\/naturequilibre.com\/index.php\/perte-de-poids-irrigation-du-colon\/","og_site_name":"NATUREQUILIBRE","article_modified_time":"2024-05-14T14:30:38+00:00","og_image":[{"url":"https:\/\/naturequilibre.com\/wp-content\/uploads\/2024\/05\/telechargement.jpeg"}],"twitter_card":"summary_large_image","twitter_misc":{"Dur\u00e9e de lecture estim\u00e9e":"5 minutes"},"schema":{"@context":"https:\/\/schema.org","@graph":[{"@type":"WebPage","@id":"https:\/\/naturequilibre.com\/index.php\/perte-de-poids-irrigation-du-colon\/","url":"https:\/\/naturequilibre.com\/index.php\/perte-de-poids-irrigation-du-colon\/","name":"La Perte de poids - NATUREQUILIBRE","isPartOf":{"@id":"https:\/\/naturequilibre.com\/#website"},"primaryImageOfPage":{"@id":"https:\/\/naturequilibre.com\/index.php\/perte-de-poids-irrigation-du-colon\/#primaryimage"},"image":{"@id":"https:\/\/naturequilibre.com\/index.php\/perte-de-poids-irrigation-du-colon\/#primaryimage"},"thumbnailUrl":"https:\/\/naturequilibre.com\/wp-content\/uploads\/2024\/05\/telechargement.jpeg","datePublished":"2024-04-11T08:29:36+00:00","dateModified":"2024-05-14T14:30:38+00:00","description":"NATUREQUILIBRE \u00c0 l'\u00e8re moderne, la gestion du poids est devenue un d\u00e9fi majeur. L'alimentation et le mode de vie actuels ont engendr\u00e9 une \u00e9pid\u00e9mie de prise de poids.","breadcrumb":{"@id":"https:\/\/naturequilibre.com\/index.php\/perte-de-poids-irrigation-du-colon\/#breadcrumb"},"inLanguage":"fr-FR","potentialAction":[{"@type":"ReadAction","target":["https:\/\/naturequilibre.com\/index.php\/perte-de-poids-irrigation-du-colon\/"]}]},{"@type":"ImageObject","inLanguage":"fr-FR","@id":"https:\/\/naturequilibre.com\/index.php\/perte-de-poids-irrigation-du-colon\/#primaryimage","url":"https:\/\/naturequilibre.com\/wp-content\/uploads\/2024\/05\/telechargement.jpeg","contentUrl":"https:\/\/naturequilibre.com\/wp-content\/uploads\/2024\/05\/telechargement.jpeg","width":275,"height":183},{"@type":"BreadcrumbList","@id":"https:\/\/naturequilibre.com\/index.php\/perte-de-poids-irrigation-du-colon\/#breadcrumb","itemListElement":[{"@type":"ListItem","position":1,"name":"Accueil","item":"https:\/\/naturequilibre.com\/"},{"@type":"ListItem","position":2,"name":"La Perte de poids"}]},{"@type":"WebSite","@id":"https:\/\/naturequilibre.com\/#website","url":"https:\/\/naturequilibre.com\/","name":"NATUREQUILIBRE","description":"UNE APPROCHE GLOBALE UN BIEN \u00caTRE DURABLE","publisher":{"@id":"https:\/\/naturequilibre.com\/#organization"},"potentialAction":[{"@type":"SearchAction","target":{"@type":"EntryPoint","urlTemplate":"https:\/\/naturequilibre.com\/?s={search_term_string}"},"query-input":"required name=search_term_string"}],"inLanguage":"fr-FR"},{"@type":"Organization","@id":"https:\/\/naturequilibre.com\/#organization","name":"NATUREQUILIBRE","url":"https:\/\/naturequilibre.com\/","logo":{"@type":"ImageObject","inLanguage":"fr-FR","@id":"https:\/\/naturequilibre.com\/#\/schema\/logo\/image\/","url":"http:\/\/tqiosxl.cluster023.hosting.ovh.net\/wp-content\/uploads\/2024\/04\/cropped-Arbre3.jpg","contentUrl":"http:\/\/tqiosxl.cluster023.hosting.ovh.net\/wp-content\/uploads\/2024\/04\/cropped-Arbre3.jpg","width":512,"height":512,"caption":"NATUREQUILIBRE"},"image":{"@id":"https:\/\/naturequilibre.com\/#\/schema\/logo\/image\/"}}]}},"_links":{"self":[{"href":"https:\/\/naturequilibre.com\/index.php\/wp-json\/wp\/v2\/pages\/56","targetHints":{"allow":["GET"]}}],"collection":[{"href":"https:\/\/naturequilibre.com\/index.php\/wp-json\/wp\/v2\/pages"}],"about":[{"href":"https:\/\/naturequilibre.com\/index.php\/wp-json\/wp\/v2\/types\/page"}],"author":[{"embeddable":true,"href":"https:\/\/naturequilibre.com\/index.php\/wp-json\/wp\/v2\/users\/1"}],"replies":[{"embeddable":true,"href":"https:\/\/naturequilibre.com\/index.php\/wp-json\/wp\/v2\/comments?post=56"}],"version-history":[{"count":12,"href":"https:\/\/naturequilibre.com\/index.php\/wp-json\/wp\/v2\/pages\/56\/revisions"}],"predecessor-version":[{"id":378,"href":"https:\/\/naturequilibre.com\/index.php\/wp-json\/wp\/v2\/pages\/56\/revisions\/378"}],"wp:attachment":[{"href":"https:\/\/naturequilibre.com\/index.php\/wp-json\/wp\/v2\/media?parent=56"}],"curies":[{"name":"wp","href":"https:\/\/api.w.org\/{rel}","templated":true}]}}