{"id":62,"date":"2024-04-11T14:26:48","date_gmt":"2024-04-11T12:26:48","guid":{"rendered":"http:\/\/tqiosxl.cluster023.hosting.ovh.net\/?page_id=62"},"modified":"2024-05-07T11:42:18","modified_gmt":"2024-05-07T09:42:18","slug":"le-cabinet-naturopathie-naturopathe-saint-jorioz","status":"publish","type":"page","link":"https:\/\/naturequilibre.com\/index.php\/le-cabinet-naturopathie-naturopathe-saint-jorioz\/","title":{"rendered":"Le cabinet"},"content":{"rendered":"\n<p><\/p>\n\n\n\n<div class=\"wp-block-columns alignwide has-text-lighter-background-color has-background is-layout-flex wp-container-core-columns-is-layout-28f84493 wp-block-columns-is-layout-flex\">\n<div class=\"wp-block-column is-layout-flow wp-block-column-is-layout-flow\">\n<figure class=\"wp-block-image size-medium is-resized\"><img loading=\"lazy\" decoding=\"async\" width=\"300\" height=\"134\" src=\"http:\/\/tqiosxl.cluster023.hosting.ovh.net\/wp-content\/uploads\/2024\/04\/IMG_E7473_maison2-300x134.jpg\" alt=\"\" class=\"wp-image-124\" style=\"width:530px;height:auto\" srcset=\"https:\/\/naturequilibre.com\/wp-content\/uploads\/2024\/04\/IMG_E7473_maison2-300x134.jpg 300w, https:\/\/naturequilibre.com\/wp-content\/uploads\/2024\/04\/IMG_E7473_maison2-1024x457.jpg 1024w, https:\/\/naturequilibre.com\/wp-content\/uploads\/2024\/04\/IMG_E7473_maison2-768x343.jpg 768w, https:\/\/naturequilibre.com\/wp-content\/uploads\/2024\/04\/IMG_E7473_maison2-1536x685.jpg 1536w, https:\/\/naturequilibre.com\/wp-content\/uploads\/2024\/04\/IMG_E7473_maison2-2048x914.jpg 2048w, https:\/\/naturequilibre.com\/wp-content\/uploads\/2024\/04\/IMG_E7473_maison2-1170x522.jpg 1170w\" sizes=\"auto, (max-width: 300px) 100vw, 300px\" \/><\/figure>\n<\/div>\n\n\n\n<div class=\"wp-block-column is-layout-flow wp-block-column-is-layout-flow\">\n<p class=\"has-dark-color has-text-color has-link-color has-headings-font-family wp-elements-b06062743470b23e255c01c46d8993c0\" style=\"font-style:normal;font-weight:600\"><em>Je vous accueille \u00e0 Saint-Jorioz dans un cadre inspirant et moderne.<\/em> <em>Un espace de calme qui nous permettra de travailler en toute tranquillit\u00e9 et d&rsquo;aborder ensemble toutes vos probl\u00e9matiques de sant\u00e9.<\/em><\/p>\n\n\n\n<p class=\"has-dark-color has-text-color has-link-color has-headings-font-family wp-elements-832eac83d65654c07b7caa0089f3512a\" style=\"font-style:normal;font-weight:600\"><em>Je vous y attend avec impatience<\/em><\/p>\n\n\n\n<p class=\"has-headings-color has-text-color has-link-color has-alt-font-family has-medium-large-font-size wp-elements-c5942538bb8a4f5e71a4afef22ea0b56\">David<\/p>\n<\/div>\n<\/div>\n\n\n\n<figure class=\"wp-block-gallery alignwide has-nested-images columns-default is-cropped has-background-light-background-color has-background wp-block-gallery-1 is-layout-flex wp-block-gallery-is-layout-flex\">\n<figure class=\"wp-block-image size-large\"><img loading=\"lazy\" decoding=\"async\" width=\"1024\" height=\"576\" data-id=\"175\" src=\"http:\/\/tqiosxl.cluster023.hosting.ovh.net\/wp-content\/uploads\/2024\/04\/IMG_E7476-1024x576.jpg\" alt=\"\" class=\"wp-image-175\" srcset=\"https:\/\/naturequilibre.com\/wp-content\/uploads\/2024\/04\/IMG_E7476-1024x576.jpg 1024w, https:\/\/naturequilibre.com\/wp-content\/uploads\/2024\/04\/IMG_E7476-300x169.jpg 300w, https:\/\/naturequilibre.com\/wp-content\/uploads\/2024\/04\/IMG_E7476-768x432.jpg 768w, https:\/\/naturequilibre.com\/wp-content\/uploads\/2024\/04\/IMG_E7476-1536x864.jpg 1536w, https:\/\/naturequilibre.com\/wp-content\/uploads\/2024\/04\/IMG_E7476-2048x1152.jpg 2048w, https:\/\/naturequilibre.com\/wp-content\/uploads\/2024\/04\/IMG_E7476-1170x658.jpg 1170w\" sizes=\"auto, (max-width: 1024px) 100vw, 1024px\" \/><\/figure>\n\n\n\n<figure class=\"wp-block-image size-large\"><img loading=\"lazy\" decoding=\"async\" width=\"1024\" height=\"576\" data-id=\"123\" src=\"http:\/\/tqiosxl.cluster023.hosting.ovh.net\/wp-content\/uploads\/2024\/04\/IMG_E7479-1-1024x576.jpg\" alt=\"\" class=\"wp-image-123\" srcset=\"https:\/\/naturequilibre.com\/wp-content\/uploads\/2024\/04\/IMG_E7479-1-1024x576.jpg 1024w, https:\/\/naturequilibre.com\/wp-content\/uploads\/2024\/04\/IMG_E7479-1-300x169.jpg 300w, https:\/\/naturequilibre.com\/wp-content\/uploads\/2024\/04\/IMG_E7479-1-768x432.jpg 768w, https:\/\/naturequilibre.com\/wp-content\/uploads\/2024\/04\/IMG_E7479-1-1536x864.jpg 1536w, https:\/\/naturequilibre.com\/wp-content\/uploads\/2024\/04\/IMG_E7479-1-2048x1152.jpg 2048w, https:\/\/naturequilibre.com\/wp-content\/uploads\/2024\/04\/IMG_E7479-1-1170x658.jpg 1170w\" sizes=\"auto, (max-width: 1024px) 100vw, 1024px\" \/><\/figure>\n\n\n\n<figure class=\"wp-block-image size-large has-custom-border\"><img loading=\"lazy\" decoding=\"async\" width=\"1024\" height=\"576\" data-id=\"116\" src=\"http:\/\/tqiosxl.cluster023.hosting.ovh.net\/wp-content\/uploads\/2024\/04\/IMG_E7477-1024x576.jpg\" alt=\"\" class=\"wp-image-116\" style=\"border-style:none;border-width:0px\" srcset=\"https:\/\/naturequilibre.com\/wp-content\/uploads\/2024\/04\/IMG_E7477-1024x576.jpg 1024w, https:\/\/naturequilibre.com\/wp-content\/uploads\/2024\/04\/IMG_E7477-300x169.jpg 300w, https:\/\/naturequilibre.com\/wp-content\/uploads\/2024\/04\/IMG_E7477-768x432.jpg 768w, https:\/\/naturequilibre.com\/wp-content\/uploads\/2024\/04\/IMG_E7477-1536x864.jpg 1536w, https:\/\/naturequilibre.com\/wp-content\/uploads\/2024\/04\/IMG_E7477-2048x1152.jpg 2048w, https:\/\/naturequilibre.com\/wp-content\/uploads\/2024\/04\/IMG_E7477-1170x658.jpg 1170w\" sizes=\"auto, (max-width: 1024px) 100vw, 1024px\" \/><\/figure>\n\n\n\n<figure class=\"wp-block-image size-large\"><img loading=\"lazy\" decoding=\"async\" width=\"1024\" height=\"576\" data-id=\"117\" src=\"http:\/\/tqiosxl.cluster023.hosting.ovh.net\/wp-content\/uploads\/2024\/04\/IMG_E7478-1024x576.jpg\" alt=\"\" class=\"wp-image-117\" srcset=\"https:\/\/naturequilibre.com\/wp-content\/uploads\/2024\/04\/IMG_E7478-1024x576.jpg 1024w, https:\/\/naturequilibre.com\/wp-content\/uploads\/2024\/04\/IMG_E7478-300x169.jpg 300w, https:\/\/naturequilibre.com\/wp-content\/uploads\/2024\/04\/IMG_E7478-768x432.jpg 768w, https:\/\/naturequilibre.com\/wp-content\/uploads\/2024\/04\/IMG_E7478-1536x864.jpg 1536w, https:\/\/naturequilibre.com\/wp-content\/uploads\/2024\/04\/IMG_E7478-2048x1152.jpg 2048w, https:\/\/naturequilibre.com\/wp-content\/uploads\/2024\/04\/IMG_E7478-1170x658.jpg 1170w\" sizes=\"auto, (max-width: 1024px) 100vw, 1024px\" \/><\/figure>\n\n\n\n<figure class=\"wp-block-image size-large\"><img loading=\"lazy\" decoding=\"async\" width=\"1024\" height=\"576\" data-id=\"119\" src=\"http:\/\/tqiosxl.cluster023.hosting.ovh.net\/wp-content\/uploads\/2024\/04\/IMG_E7497-1024x576.jpeg\" alt=\"\" class=\"wp-image-119\" srcset=\"https:\/\/naturequilibre.com\/wp-content\/uploads\/2024\/04\/IMG_E7497-1024x576.jpeg 1024w, https:\/\/naturequilibre.com\/wp-content\/uploads\/2024\/04\/IMG_E7497-300x169.jpeg 300w, https:\/\/naturequilibre.com\/wp-content\/uploads\/2024\/04\/IMG_E7497-768x432.jpeg 768w, https:\/\/naturequilibre.com\/wp-content\/uploads\/2024\/04\/IMG_E7497-1536x864.jpeg 1536w, https:\/\/naturequilibre.com\/wp-content\/uploads\/2024\/04\/IMG_E7497-2048x1152.jpeg 2048w, https:\/\/naturequilibre.com\/wp-content\/uploads\/2024\/04\/IMG_E7497-1170x658.jpeg 1170w\" sizes=\"auto, (max-width: 1024px) 100vw, 1024px\" \/><\/figure>\n<\/figure>\n\n\n\n<p><\/p>\n","protected":false},"excerpt":{"rendered":"<p>Je vous accueille \u00e0 Saint-Jorioz dans un cadre inspirant et moderne. Un espace de calme qui nous permettra de travailler en toute tranquillit\u00e9 et d&rsquo;aborder ensemble toutes vos probl\u00e9matiques de sant\u00e9. Je vous y attend avec impatience David<\/p>\n","protected":false},"author":1,"featured_media":0,"parent":0,"menu_order":0,"comment_status":"closed","ping_status":"closed","template":"","meta":{"footnotes":""},"class_list":["post-62","page","type-page","status-publish","hentry"],"yoast_head":"<!-- This site is optimized with the Yoast SEO plugin v22.6 - https:\/\/yoast.com\/wordpress\/plugins\/seo\/ -->\n<title>Le cabinet - NATUREQUILIBRE<\/title>\n<meta name=\"description\" content=\"Naturequilibre vous accueille \u00e0 Saint-Jorioz dans un cadre inspirant et moderne. Un espace de calme qui nous permettra de travailler en toute tranquillit\u00e9 et d&#039;aborder ensemble toutes vos probl\u00e9matiques de sant\u00e9.\" \/>\n<meta name=\"robots\" content=\"index, follow, max-snippet:-1, max-image-preview:large, max-video-preview:-1\" \/>\n<link rel=\"canonical\" href=\"https:\/\/naturequilibre.com\/index.php\/le-cabinet-naturopathie-naturopathe-saint-jorioz\/\" \/>\n<meta property=\"og:locale\" content=\"fr_FR\" \/>\n<meta property=\"og:type\" content=\"article\" \/>\n<meta property=\"og:title\" content=\"Le cabinet - NATUREQUILIBRE\" \/>\n<meta property=\"og:description\" content=\"Naturequilibre vous accueille \u00e0 Saint-Jorioz dans un cadre inspirant et moderne. Un espace de calme qui nous permettra de travailler en toute tranquillit\u00e9 et d&#039;aborder ensemble toutes vos probl\u00e9matiques de sant\u00e9.\" \/>\n<meta property=\"og:url\" content=\"https:\/\/naturequilibre.com\/index.php\/le-cabinet-naturopathie-naturopathe-saint-jorioz\/\" \/>\n<meta property=\"og:site_name\" content=\"NATUREQUILIBRE\" \/>\n<meta property=\"article:modified_time\" content=\"2024-05-07T09:42:18+00:00\" \/>\n<meta property=\"og:image\" content=\"http:\/\/tqiosxl.cluster023.hosting.ovh.net\/wp-content\/uploads\/2024\/04\/IMG_E7473_maison2-300x134.jpg\" \/>\n<meta name=\"twitter:card\" content=\"summary_large_image\" \/>\n<meta name=\"twitter:label1\" content=\"Dur\u00e9e de lecture estim\u00e9e\" \/>\n\t<meta name=\"twitter:data1\" content=\"2 minutes\" \/>\n<script type=\"application\/ld+json\" class=\"yoast-schema-graph\">{\"@context\":\"https:\/\/schema.org\",\"@graph\":[{\"@type\":\"WebPage\",\"@id\":\"https:\/\/naturequilibre.com\/index.php\/le-cabinet-naturopathie-naturopathe-saint-jorioz\/\",\"url\":\"https:\/\/naturequilibre.com\/index.php\/le-cabinet-naturopathie-naturopathe-saint-jorioz\/\",\"name\":\"Le cabinet - NATUREQUILIBRE\",\"isPartOf\":{\"@id\":\"https:\/\/naturequilibre.com\/#website\"},\"primaryImageOfPage\":{\"@id\":\"https:\/\/naturequilibre.com\/index.php\/le-cabinet-naturopathie-naturopathe-saint-jorioz\/#primaryimage\"},\"image\":{\"@id\":\"https:\/\/naturequilibre.com\/index.php\/le-cabinet-naturopathie-naturopathe-saint-jorioz\/#primaryimage\"},\"thumbnailUrl\":\"http:\/\/tqiosxl.cluster023.hosting.ovh.net\/wp-content\/uploads\/2024\/04\/IMG_E7473_maison2-300x134.jpg\",\"datePublished\":\"2024-04-11T12:26:48+00:00\",\"dateModified\":\"2024-05-07T09:42:18+00:00\",\"description\":\"Naturequilibre vous accueille \u00e0 Saint-Jorioz dans un cadre inspirant et moderne. Un espace de calme qui nous permettra de travailler en toute tranquillit\u00e9 et d'aborder ensemble toutes vos probl\u00e9matiques de sant\u00e9.\",\"breadcrumb\":{\"@id\":\"https:\/\/naturequilibre.com\/index.php\/le-cabinet-naturopathie-naturopathe-saint-jorioz\/#breadcrumb\"},\"inLanguage\":\"fr-FR\",\"potentialAction\":[{\"@type\":\"ReadAction\",\"target\":[\"https:\/\/naturequilibre.com\/index.php\/le-cabinet-naturopathie-naturopathe-saint-jorioz\/\"]}]},{\"@type\":\"ImageObject\",\"inLanguage\":\"fr-FR\",\"@id\":\"https:\/\/naturequilibre.com\/index.php\/le-cabinet-naturopathie-naturopathe-saint-jorioz\/#primaryimage\",\"url\":\"http:\/\/tqiosxl.cluster023.hosting.ovh.net\/wp-content\/uploads\/2024\/04\/IMG_E7473_maison2-300x134.jpg\",\"contentUrl\":\"http:\/\/tqiosxl.cluster023.hosting.ovh.net\/wp-content\/uploads\/2024\/04\/IMG_E7473_maison2-300x134.jpg\"},{\"@type\":\"BreadcrumbList\",\"@id\":\"https:\/\/naturequilibre.com\/index.php\/le-cabinet-naturopathie-naturopathe-saint-jorioz\/#breadcrumb\",\"itemListElement\":[{\"@type\":\"ListItem\",\"position\":1,\"name\":\"Accueil\",\"item\":\"https:\/\/naturequilibre.com\/\"},{\"@type\":\"ListItem\",\"position\":2,\"name\":\"Le cabinet\"}]},{\"@type\":\"WebSite\",\"@id\":\"https:\/\/naturequilibre.com\/#website\",\"url\":\"https:\/\/naturequilibre.com\/\",\"name\":\"NATUREQUILIBRE\",\"description\":\"UNE APPROCHE GLOBALE UN BIEN \u00caTRE DURABLE\",\"publisher\":{\"@id\":\"https:\/\/naturequilibre.com\/#organization\"},\"potentialAction\":[{\"@type\":\"SearchAction\",\"target\":{\"@type\":\"EntryPoint\",\"urlTemplate\":\"https:\/\/naturequilibre.com\/?s={search_term_string}\"},\"query-input\":\"required name=search_term_string\"}],\"inLanguage\":\"fr-FR\"},{\"@type\":\"Organization\",\"@id\":\"https:\/\/naturequilibre.com\/#organization\",\"name\":\"NATUREQUILIBRE\",\"url\":\"https:\/\/naturequilibre.com\/\",\"logo\":{\"@type\":\"ImageObject\",\"inLanguage\":\"fr-FR\",\"@id\":\"https:\/\/naturequilibre.com\/#\/schema\/logo\/image\/\",\"url\":\"http:\/\/tqiosxl.cluster023.hosting.ovh.net\/wp-content\/uploads\/2024\/04\/cropped-Arbre3.jpg\",\"contentUrl\":\"http:\/\/tqiosxl.cluster023.hosting.ovh.net\/wp-content\/uploads\/2024\/04\/cropped-Arbre3.jpg\",\"width\":512,\"height\":512,\"caption\":\"NATUREQUILIBRE\"},\"image\":{\"@id\":\"https:\/\/naturequilibre.com\/#\/schema\/logo\/image\/\"}}]}<\/script>\n<!-- \/ Yoast SEO plugin. -->","yoast_head_json":{"title":"Le cabinet - NATUREQUILIBRE","description":"Naturequilibre vous accueille \u00e0 Saint-Jorioz dans un cadre inspirant et moderne. Un espace de calme qui nous permettra de travailler en toute tranquillit\u00e9 et d'aborder ensemble toutes vos probl\u00e9matiques de sant\u00e9.","robots":{"index":"index","follow":"follow","max-snippet":"max-snippet:-1","max-image-preview":"max-image-preview:large","max-video-preview":"max-video-preview:-1"},"canonical":"https:\/\/naturequilibre.com\/index.php\/le-cabinet-naturopathie-naturopathe-saint-jorioz\/","og_locale":"fr_FR","og_type":"article","og_title":"Le cabinet - NATUREQUILIBRE","og_description":"Naturequilibre vous accueille \u00e0 Saint-Jorioz dans un cadre inspirant et moderne. Un espace de calme qui nous permettra de travailler en toute tranquillit\u00e9 et d'aborder ensemble toutes vos probl\u00e9matiques de sant\u00e9.","og_url":"https:\/\/naturequilibre.com\/index.php\/le-cabinet-naturopathie-naturopathe-saint-jorioz\/","og_site_name":"NATUREQUILIBRE","article_modified_time":"2024-05-07T09:42:18+00:00","og_image":[{"url":"http:\/\/tqiosxl.cluster023.hosting.ovh.net\/wp-content\/uploads\/2024\/04\/IMG_E7473_maison2-300x134.jpg"}],"twitter_card":"summary_large_image","twitter_misc":{"Dur\u00e9e de lecture estim\u00e9e":"2 minutes"},"schema":{"@context":"https:\/\/schema.org","@graph":[{"@type":"WebPage","@id":"https:\/\/naturequilibre.com\/index.php\/le-cabinet-naturopathie-naturopathe-saint-jorioz\/","url":"https:\/\/naturequilibre.com\/index.php\/le-cabinet-naturopathie-naturopathe-saint-jorioz\/","name":"Le cabinet - NATUREQUILIBRE","isPartOf":{"@id":"https:\/\/naturequilibre.com\/#website"},"primaryImageOfPage":{"@id":"https:\/\/naturequilibre.com\/index.php\/le-cabinet-naturopathie-naturopathe-saint-jorioz\/#primaryimage"},"image":{"@id":"https:\/\/naturequilibre.com\/index.php\/le-cabinet-naturopathie-naturopathe-saint-jorioz\/#primaryimage"},"thumbnailUrl":"http:\/\/tqiosxl.cluster023.hosting.ovh.net\/wp-content\/uploads\/2024\/04\/IMG_E7473_maison2-300x134.jpg","datePublished":"2024-04-11T12:26:48+00:00","dateModified":"2024-05-07T09:42:18+00:00","description":"Naturequilibre vous accueille \u00e0 Saint-Jorioz dans un cadre inspirant et moderne. Un espace de calme qui nous permettra de travailler en toute tranquillit\u00e9 et d'aborder ensemble toutes vos probl\u00e9matiques de sant\u00e9.","breadcrumb":{"@id":"https:\/\/naturequilibre.com\/index.php\/le-cabinet-naturopathie-naturopathe-saint-jorioz\/#breadcrumb"},"inLanguage":"fr-FR","potentialAction":[{"@type":"ReadAction","target":["https:\/\/naturequilibre.com\/index.php\/le-cabinet-naturopathie-naturopathe-saint-jorioz\/"]}]},{"@type":"ImageObject","inLanguage":"fr-FR","@id":"https:\/\/naturequilibre.com\/index.php\/le-cabinet-naturopathie-naturopathe-saint-jorioz\/#primaryimage","url":"http:\/\/tqiosxl.cluster023.hosting.ovh.net\/wp-content\/uploads\/2024\/04\/IMG_E7473_maison2-300x134.jpg","contentUrl":"http:\/\/tqiosxl.cluster023.hosting.ovh.net\/wp-content\/uploads\/2024\/04\/IMG_E7473_maison2-300x134.jpg"},{"@type":"BreadcrumbList","@id":"https:\/\/naturequilibre.com\/index.php\/le-cabinet-naturopathie-naturopathe-saint-jorioz\/#breadcrumb","itemListElement":[{"@type":"ListItem","position":1,"name":"Accueil","item":"https:\/\/naturequilibre.com\/"},{"@type":"ListItem","position":2,"name":"Le cabinet"}]},{"@type":"WebSite","@id":"https:\/\/naturequilibre.com\/#website","url":"https:\/\/naturequilibre.com\/","name":"NATUREQUILIBRE","description":"UNE APPROCHE GLOBALE UN BIEN \u00caTRE DURABLE","publisher":{"@id":"https:\/\/naturequilibre.com\/#organization"},"potentialAction":[{"@type":"SearchAction","target":{"@type":"EntryPoint","urlTemplate":"https:\/\/naturequilibre.com\/?s={search_term_string}"},"query-input":"required name=search_term_string"}],"inLanguage":"fr-FR"},{"@type":"Organization","@id":"https:\/\/naturequilibre.com\/#organization","name":"NATUREQUILIBRE","url":"https:\/\/naturequilibre.com\/","logo":{"@type":"ImageObject","inLanguage":"fr-FR","@id":"https:\/\/naturequilibre.com\/#\/schema\/logo\/image\/","url":"http:\/\/tqiosxl.cluster023.hosting.ovh.net\/wp-content\/uploads\/2024\/04\/cropped-Arbre3.jpg","contentUrl":"http:\/\/tqiosxl.cluster023.hosting.ovh.net\/wp-content\/uploads\/2024\/04\/cropped-Arbre3.jpg","width":512,"height":512,"caption":"NATUREQUILIBRE"},"image":{"@id":"https:\/\/naturequilibre.com\/#\/schema\/logo\/image\/"}}]}},"_links":{"self":[{"href":"https:\/\/naturequilibre.com\/index.php\/wp-json\/wp\/v2\/pages\/62","targetHints":{"allow":["GET"]}}],"collection":[{"href":"https:\/\/naturequilibre.com\/index.php\/wp-json\/wp\/v2\/pages"}],"about":[{"href":"https:\/\/naturequilibre.com\/index.php\/wp-json\/wp\/v2\/types\/page"}],"author":[{"embeddable":true,"href":"https:\/\/naturequilibre.com\/index.php\/wp-json\/wp\/v2\/users\/1"}],"replies":[{"embeddable":true,"href":"https:\/\/naturequilibre.com\/index.php\/wp-json\/wp\/v2\/comments?post=62"}],"version-history":[{"count":11,"href":"https:\/\/naturequilibre.com\/index.php\/wp-json\/wp\/v2\/pages\/62\/revisions"}],"predecessor-version":[{"id":177,"href":"https:\/\/naturequilibre.com\/index.php\/wp-json\/wp\/v2\/pages\/62\/revisions\/177"}],"wp:attachment":[{"href":"https:\/\/naturequilibre.com\/index.php\/wp-json\/wp\/v2\/media?parent=62"}],"curies":[{"name":"wp","href":"https:\/\/api.w.org\/{rel}","templated":true}]}}